4?
False
Does 3 divide 215622636?
True
Does 12 divide 528193152?
True
Is 277 a factor of 16635789?
True
Does 70 divide 804193530?
True
Does 679 divide 1464698678?
False
Is 690817887 a multiple of 12216?
False
Is 23252204 a multiple of 105?
False
Is 456 a factor of 20411928?
True
Is 533 a factor of 40547975?
True
Is 65806251 a multiple of 987?
True
Is 19 a factor of 902436863?
True
Is 4064858283 a multiple of 4643?
True
Is 372824580 a multiple of 148?
True
Is 1497449 a multiple of 68?
False
Is 998 a factor of 1066790144?
True
Is 55 a factor of 74138497?
False
Is 39062006 a multiple of 615?
False
Does 31 divide 9106126?
True
Is 201409356 a multiple of 372?
True
Is 1846396564 a multiple of 142?
False
Does 26 divide 355539493?
False
Does 181 divide 2389510276?
False
Is 595395209 a multiple of 23?
False
Is 9630335 a multiple of 715?
True
Is 4 a factor of 10574571?
False
Is 1074 a factor of 258689010?
True
Is 16 a factor of 27405935?
False
Is 29 a factor of 106580481?
True
Is 1683544400 a multiple of 76?
True
Does 255 divide 255957004?
False
Is 449 a factor of 154783182?
False
Does 1231 divide 6346823?
False
Does 20 divide 131043900?
True
Is 30825738 a multiple of 9?
True
Is 17 a factor of 3881849074?
False
Does 17 divide 52540057?
False
Is 1342 a factor of 39123326?
True
Is 98 a factor of 349316492?
True
Is 549000655 a multiple of 49?
True
Does 230 divide 110316427?
False
Is 156512 a multiple of 292?
True
Is 78106435 a multiple of 1045?
True
Is 109174079 a multiple of 1169?
True
Is 30018181 a multiple of 1740?
False
Is 687049587 a multiple of 16?
False
Is 2814467511 a multiple of 57?
True
Is 267961590 a multiple of 65?
True
Is 110 a factor of 130407183?
False
Does 611 divide 106042546?
False
Is 22589952 a multiple of 3696?
True
Is 6 a factor of 185777958?
True
Is 118 a factor of 1106165158?
True
Is 23 a factor of 72612646?
False
Is 8 a factor of 299606840?
True
Is 70 a factor of 109328730?
True
Is 499 a factor of 1086626256?
False
Does 4470 divide 172631400?
True
Is 292560780 a multiple of 1299?
True
Is 61 a factor of 490021418?
True
Is 1106 a factor of 63286010?
False
Is 4555024 a multiple of 15?
False
Does 9270 divide 1845981806?
False
Is 14 a factor of 1051209800?
False
Is 63 a factor of 12097664?
False
Is 6003 a factor of 356200011?
True
Is 178958787 a multiple of 191?
True
Does 17 divide 2686246?
False
Is 235106755 a multiple of 13?
True
Is 53472486 a multiple of 623?
False
Is 244375365 a multiple of 15?
True
Does 138 divide 53741675?
False
Is 485 a factor of 1079507665?
True
Is 44 a factor of 79057093?
False
Does 32 divide 21903872?
True
Is 88 a factor of 12324312?
True
Does 2643 divide 268840674?
True
Is 334 a factor of 1131258?
True
Is 21 a factor of 1310235042?
False
Is 42240710 a multiple of 695?
True
Is 574 a factor of 49683144?
True
Does 5630 divide 416240658?
False
Is 4801 a factor of 172860694?
False
Is 1099 a factor of 1661549221?
False
Is 6579147700 a multiple of 23?
True
Is 6353562376 a multiple of 2296?
True
Does 25 divide 292059857?
False
Does 4875 divide 201390627?
False
Does 38 divide 217255994?
True
Does 1289 divide 2492710844?
False
Does 396 divide 95138208?
True
Is 914097 a multiple of 335?
False
Is 459 a factor of 462264867?
True
Is 182 a factor of 57193244?
False
Does 46 divide 10840545?
False
Is 22706220 a multiple of 339?
True
Is 34659314 a multiple of 59?
True
Is 303109626 a multiple of 34?
True
Is 610905520 a multiple of 11530?
True
Is 303705375 a multiple of 220?
False
Is 304487616 a multiple of 23?
True
Does 2042 divide 948271591?
False
Is 1735269692 a multiple of 2084?
True
Does 1823 divide 197084530?
True
Is 513 a factor of 69852304?
False
Is 10736 a factor of 4506457472?
True
Is 23290227 a multiple of 1647?
True
Is 417587068 a multiple of 89?
False
Is 86 a factor of 474351576?
True
Does 18 divide 50878128?
False
Is 4783 a factor of 79557456?
False
Does 14 divide 46792052?
False
Does 14 divide 2382464?
True
Is 232377855 a multiple of 69?
True
Does 106 divide 61984560?
True
Does 50 divide 26515200?
True
Is 16 a factor of 500325744?
True
Is 10325100 a multiple of 25?
True
Does 4 divide 2896525?
False
Is 16 a factor of 23462627?
False
Is 106294864 a multiple of 13?
True
Does 15 divide 96325943?
False
Is 9321 a factor of 90208638?
True
Does 12 divide 27179633?
False
Does 1628 divide 114493984?
True
Does 24 divide 727196209?
False
Is 141 a factor of 82520109?
True
Is 371 a factor of 2635621471?
True
Is 32235117 a multiple of 3?
True
Does 27 divide 32154884?
False
Is 199565492 a multiple of 14?
True
Does 119 divide 161637819?
True
Is 638 a factor of 14270146?
True
Does 6 divide 14282412?
True
Does 952 divide 119097104?
True
Is 604 a factor of 111778656?
True
Is 24306489 a multiple of 53?
True
Does 11 divide 348785?
False
Is 11433905 a multiple of 189?
False
Does 1821 divide 324698960?
False
Is 1852 a factor of 6209995?
False
Does 148 divide 1859966907?
False
Is 23 a factor of 1141648844?
False
Is 10 a factor of 9504560?
True
Is 191 a factor of 13452363?
False
Is 11264032 a multiple of 13?
True
Is 11 a factor of 15179040?
False
Does 2284 divide 54671093?
False
Does 150 divide 49185750?
True
Does 43 divide 129637518?
True
Is 161609052 a multiple of 726?
True
Does 10 divide 293581994?
False
Does 3 divide 30725652?
True
Is 40560440 a multiple of 83?
True
Does 13 divide 250595?
False
Is 49744080 a multiple of 118?
True
Does 15 divide 365584780?
False
Is 5233250 a multiple of 11?
True
Is 198308990 a multiple of 1265?
True
Is 110 a factor of 41805500?
True
Does 2584 divide 396835216?
True
Is 21 a factor of 11390652?
True
Is 67 a factor of 11608152?
True
Is 187 a factor of 180392993?
False
Is 13498128 a multiple of 56?
True
Is 631 a factor of 255454105?
False
Does 44 divide 79040324?
True
Is 179775571 a multiple of 81?
False
Is 29 a factor of 583016?
True
Does 474 divide 285138966?
True
Is 32317561 a multiple of 77?
False
Is 140934394 a multiple of 37?
False
Does 829 divide 6640851565?
False
Is 224 a factor of 62620320?
True
Is 218 a factor of 26725928?
True
Is 528 a factor of 1672352?
False
Does 21 divide 2709693504?
True
Is 61 a factor of 24967284?
False
Does 1203 divide 1140275580?
True
Is 1442 a factor of 219680048?
True
Does 65 divide 252624190?
True
Is 922 a factor of 2444241362?
True
Does 614 divide 16600186?
False
Is 5368309816 a multiple of 2619?
False
Is 8428138 a multiple of 14?
False
Is 8 a factor of 11106880?
True
Does 15 divide 175133580?
True
Does 94 divide 2322270?
True
Is 852 a factor of 129589200?
True
Does 3 divide 6071158?
False
Is 141134298 a multiple of 6289?
False
Is 170125136 a multiple of 58?
True
Is 28043851 a multiple of 2?
False
Does 265 divide 840465520?
True
Is 2121 a factor of 11100118?
False
Does 164 divide 52013220?
False
Does 14 divide 1352777689?
False
Is 568 a factor of 124978744?
True
Is 336196413 a multiple of 21?
True
Is 1076700050 a multiple of 50?
True
Is 91056017 a multiple of 34?
False
Is 4 a factor of 726159556?
True
Is 26 a factor of 546071474?
True
Is 101 a factor of 4461457951?
True
Is 38 a factor of 237926287?
False
Is 54231624 a multiple of 684?
True
Is 8 a factor of 1350040560?
True
Is 43700086 a multiple of 84?
False
Does 48 divide 9247701?
False
Is 8 a factor of 6134330?
False
Is 3302276 a multiple of 39?
False
Does 241 divide 7618010?
True
Is 128693079 a multiple of 629?
False
Is 818864275 a multiple of 4392?
False
Is 68567073 a multiple of 63?
False
Is 16 a factor of 8480784?
True
Is 21335252 a multiple of 779?
True
Is 78 a factor of 2496506844?
True
Does 19 divide 35582356?
False
Does 12 divide 173621693?
False
Is 2132074428 a multiple of 6018?
False
Is 460947446 a multiple of 461?
True
Is 274391838 a multiple of 1251?
True
Is 17 a factor of 2650181?
True
Does 1911 divide 777899304?
True
Is 9741 a factor of 489045627?
False
Is 3 a factor of 60898584?
True
Is 219774994 a multiple of 6097?
False
Does 44 divide 39279351?
False
Is 26 a factor of 4400474?
True
Is 990 a factor of 4482720?
True
Does 1816 divide 39715920?
True
Is 20 a factor of 2249277020?
True
Is 188147650 a multiple of 290?
True
Is 15 a factor of 51464885?
False
Is 6 a factor of 23308750?
False
Is 64 a factor of 113161877?
False
Does 17 divide 9285671?
False
Is 19420965 a multiple of 405?
True
Does 26 divide 